{"id":674,"date":"2022-04-06T22:23:16","date_gmt":"2022-04-06T22:23:16","guid":{"rendered":"http:\/\/eightfilms.com.ar\/?page_id=674"},"modified":"2022-04-06T22:35:32","modified_gmt":"2022-04-06T22:35:32","slug":"quince-anos","status":"publish","type":"page","link":"https:\/\/eightfilms.com.ar\/?page_id=674","title":{"rendered":"Quince a\u00f1os"},"content":{"rendered":"\n<p>En&nbsp;<strong>Eightfilms<\/strong>&nbsp;nuestra manera de capturar momentos es a trav\u00e9s de un estilo foto period\u00edstico, logramos esto por nuestros equipos sofisticados y por nuestra formaci\u00f3n acad\u00e9mica en Dise\u00f1o Audiovisual en la U.B.A.<\/p>\n\n\n\n<p><strong><u>CONTACTO:<\/u><\/strong>\u00a0\u00a0CELULAR O WSP\u00a0<strong>011-5161-4621<\/strong>\/\u00a0<strong>info@eightfilms.com.ar<\/strong>\u00a0\/ TEL<strong>\u00a05351-6294<\/strong><br>Parque Centenario \u2013 Caballito \u2013 C.A.B.A.<\/p>\n\n\n\n<p>Una hija es el tesoro m\u00e1s grande para cualquier padre y por ende se merece todo! Se merece a Eightfilms! \ud83d\ude42<\/p>\n\n\n\n<a data-flickr-embed=\"true\" data-footer=\"true\" href=\"https:\/\/www.flickr.com\/photos\/143627870@N02\/36138790416\/\" title=\"sesion-240\"><img loading=\"lazy\" decoding=\"async\" src=\"https:\/\/live.staticflickr.com\/4303\/36138790416_e1258b5cea_k.jpg\" width=\"2048\" height=\"1368\" alt=\"sesion-240\"><\/a><script async src=\"\/\/embedr.flickr.com\/assets\/client-code.js\" charset=\"utf-8\"><\/script><a data-flickr-embed=\"true\" data-footer=\"true\" href=\"https:\/\/www.flickr.com\/photos\/143627870@N02\/36138807066\/\" title=\"sesion-146\"><img loading=\"lazy\" decoding=\"async\" src=\"https:\/\/live.staticflickr.com\/4304\/36138807066_7a510c7f50_k.jpg\" width=\"2048\" height=\"1368\" alt=\"sesion-146\"><\/a><script async src=\"\/\/embedr.flickr.com\/assets\/client-code.js\" charset=\"utf-8\"><\/script><a data-flickr-embed=\"true\" data-footer=\"true\" href=\"https:\/\/www.flickr.com\/photos\/143627870@N02\/36047004361\/\" title=\"sesion-16\"><img loading=\"lazy\" decoding=\"async\" src=\"https:\/\/live.staticflickr.com\/4315\/36047004361_0680567531_k.jpg\" width=\"2048\" height=\"1368\" alt=\"sesion-16\"><\/a><script async src=\"\/\/embedr.flickr.com\/assets\/client-code.js\" charset=\"utf-8\"><\/script><a data-flickr-embed=\"true\" data-footer=\"true\" href=\"https:\/\/www.flickr.com\/photos\/143627870@N02\/36012048252\/\" title=\"15 a\u00f1os Sol_0394\"><img loading=\"lazy\" decoding=\"async\" src=\"https:\/\/live.staticflickr.com\/4311\/36012048252_33ae9b11ff_k.jpg\" width=\"2048\" height=\"1363\" alt=\"15 a\u00f1os Sol_0394\"><\/a><script async src=\"\/\/embedr.flickr.com\/assets\/client-code.js\" charset=\"utf-8\"><\/script><a data-flickr-embed=\"true\" data-footer=\"true\" href=\"https:\/\/www.flickr.com\/photos\/143627870@N02\/36012171192\/\" title=\"15 a\u00f1os Sol_0962\"><img loading=\"lazy\" decoding=\"async\" src=\"https:\/\/live.staticflickr.com\/4318\/36012171192_1636857cb9_k.jpg\" width=\"2048\" height=\"1363\" alt=\"15 a\u00f1os Sol_0962\"><\/a><script async src=\"\/\/embedr.flickr.com\/assets\/client-code.js\" charset=\"utf-8\"><\/script><a data-flickr-embed=\"true\" data-footer=\"true\" href=\"https:\/\/www.flickr.com\/photos\/143627870@N02\/36047202921\/\" title=\"15_a\u00f1os_Paz__0428\"><img loading=\"lazy\" decoding=\"async\" src=\"https:\/\/live.staticflickr.com\/4308\/36047202921_bec02845ce_k.jpg\" width=\"2048\" height=\"1367\" alt=\"15_a\u00f1os_Paz__0428\"><\/a><script async src=\"\/\/embedr.flickr.com\/assets\/client-code.js\" charset=\"utf-8\"><\/script><iframe loading=\"lazy\" title=\"vimeo-player\" src=\"https:\/\/player.vimeo.com\/video\/500474256?h=f5971a122c\" width=\"640\" height=\"360\" frameborder=\"0\" allowfullscreen><\/iframe>\n","protected":false},"excerpt":{"rendered":"<p>En&nbsp;Eightfilms&nbsp;nuestra manera de capturar momentos es a trav\u00e9s de un estilo foto period\u00edstico, logramos esto por nuestros equipos sofisticados y por nuestra formaci\u00f3n acad\u00e9mica en Dise\u00f1o Audiovisual en la U.B.A. CONTACTO:\u00a0\u00a0CELULAR O WSP\u00a0011-5161-4621\/\u00a0info@eightfilms.com.ar\u00a0\/ TEL\u00a05351-6294Parque Centenario \u2013 Caballito \u2013 C.A.B.A. Una hija es el tesoro m\u00e1s grande para cualquier padre y por ende se merece todo! &hellip;<\/p>\n<p class=\"read-more\"> <a class=\"\" href=\"https:\/\/eightfilms.com.ar\/?page_id=674\"> <span class=\"screen-reader-text\">Quince a\u00f1os<\/span> Read More &raquo;<\/a><\/p>\n","protected":false},"author":1,"featured_media":0,"parent":0,"menu_order":0,"comment_status":"closed","ping_status":"closed","template":"","meta":{"om_disable_all_campaigns":false,"_monsterinsights_skip_tracking":false,"_monsterinsights_sitenote_active":false,"_monsterinsights_sitenote_note":"","_monsterinsights_sitenote_category":0,"site-sidebar-layout":"default","site-content-layout":"default","ast-main-header-display":"","ast-hfb-above-header-display":"","ast-hfb-below-header-display":"","ast-hfb-mobile-header-display":"","site-post-title":"","ast-breadcrumbs-content":"","ast-featured-img":"","footer-sml-layout":"","theme-transparent-header-meta":"","adv-header-id-meta":"","stick-header-meta":"","header-above-stick-meta":"","header-main-stick-meta":"","header-below-stick-meta":"","footnotes":""},"class_list":["post-674","page","type-page","status-publish","hentry"],"_links":{"self":[{"href":"https:\/\/eightfilms.com.ar\/index.php?rest_route=\/wp\/v2\/pages\/674","targetHints":{"allow":["GET"]}}],"collection":[{"href":"https:\/\/eightfilms.com.ar\/index.php?rest_route=\/wp\/v2\/pages"}],"about":[{"href":"https:\/\/eightfilms.com.ar\/index.php?rest_route=\/wp\/v2\/types\/page"}],"author":[{"embeddable":true,"href":"https:\/\/eightfilms.com.ar\/index.php?rest_route=\/wp\/v2\/users\/1"}],"replies":[{"embeddable":true,"href":"https:\/\/eightfilms.com.ar\/index.php?rest_route=%2Fwp%2Fv2%2Fcomments&post=674"}],"version-history":[{"count":2,"href":"https:\/\/eightfilms.com.ar\/index.php?rest_route=\/wp\/v2\/pages\/674\/revisions"}],"predecessor-version":[{"id":677,"href":"https:\/\/eightfilms.com.ar\/index.php?rest_route=\/wp\/v2\/pages\/674\/revisions\/677"}],"wp:attachment":[{"href":"https:\/\/eightfilms.com.ar\/index.php?rest_route=%2Fwp%2Fv2%2Fmedia&parent=674"}],"curies":[{"name":"wp","href":"https:\/\/api.w.org\/{rel}","templated":true}]}}